13 = -3*g. Determine y(n).
-29
Let v(z) = -z**2 - 14*z - 13. Let c = 2271 - 2284. Determine v(c).
0
Let o(v) = 3*v**3 - 51*v - 57*v + 9 + 110*v. Calculate o(0).
9
Let s(a) = -a**2 - 5*a + 5. Let i be (120/(-45))/((8/66)/(-2)). Let r be -2 - (i - 5/(-5)). Let o = r - -40. What is s(o)?
-9
Suppose 0 = -111*o + 117*o. Let x(u) = -151*u + 151*u + 1 - 4 - u**2. Determine x(o).
-3
Let r(z) = z**3 - 13*z - 2. Let m be (-32)/(-14) + (-1120)/(-1568). Determine r(m).
-14
Let g(y) = 5*y**2 + 56296 - 6*y**2 + 14*y - 56266. What is g(16)?
-2
Suppose 0 = 5*y, -3*g + 5*y + 29 + 19 = 0. Let s(c) = 5*c + 4*c - g*c + 9 + 5*c. Let h be s(5). Let o(r) = -4*r**2 - 1. Give o(h).
-5
Let y(z) = -76*z + 5 + 69*z - 2*z**3 + 9*z**2 + 7 + z**3. Give y(8).
20
Let o = 24065 - 24068. Let i(h) = h**2 + h - 1. Let j(f) = -5*f**2 - 10*f + 8. Let r be ((-2)/6)/(1/(-3)). Let v(t) = r*j(t) + 4*i(t). Calculate v(o).
13
Let l(t) = -2*t + 29. Let r = 111 - 113. Let i = r + 16. Let j be l(i). Let m(h) = 16*h**2 + 2*h - 1. Determine m(j).
17
Suppose 3*c - 210 = 37*a, -33*c + 28*c - 4*a = 44. Let i(j) = 6*j**2 + 1. Let u be 1*(2 - 0) - 9. Let m(h) = -5*h**2 + h. Let b(s) = u*m(s) - 6*i(s). Give b(c).
6
Let b(x) be the third derivative of -7/24*x**4 - 4*x**2 + 34 + 5/2*x**3 + 0*x. Determine b(3).
-6
Let r(l) = -l**3 + 8 + 1008*l**2 - 503*l**2 + 0*l**3 - 5*l - 513*l**2. Suppose 0 = 7*x - 2*x + 35. Give r(x).
-6
Let a(j) = -316*j**3 - 3*j**2 - 11 + 8*j + 178*j**3 - 3*j**2 + 139*j**3. Give a(5).
4
Let t be 21229/(-2343) + (-4)/(-66). Let g(b) = b**3 + 10*b**2 + 14*b + 6. Calculate g(t).
-39
Let i(k) = k**2 - 3*k + 6. Let y be i(3). Let w be 25 - y*(-2)/(-3). Let x(m) = -m**2 + 20*m + 20. Let l be x(w). Let n(h) = 2*h**3 - h**2 - h - 1. Give n(l).
-3
Let g(t) = -2*t**3 + 2*t**2 - 3*t + 5. Let p(j) = -70*j - 276. Let h be p(-4). Give g(h).
-103
Let z(n) = 4*n - 6. Let p be 4/(-6)*-3 - (20 + -30). Let o = p - 9. What is z(o)?
6
Let k(g) = 81*g + 535. Let y(q) = -2*q + 17. Let d(a) = k(a) + y(a). What is d(-7)?
-1
Let s(w) = 16*w**3 - 2*w**2 - 4*w - 3. Suppose 0 = -24*c + 997 - 1021. Determine s(c).
-17
Let z = -5006 - -5011. Let g(k) = -13*k**3 + 5*k**3 - 6*k + 7*k**2 + 7*k**3. Give g(z).
20
Suppose -783*u + 775*u = -8. Let r(j) = -j + 3. Let f(d) be the first derivative of -3*d**2/2 + 10*d + 2. Let v(a) = -2*f(a) + 7*r(a). What is v(u)?
0
Let t(j) = -4*j + j**2 + 8*j**2 - 94 - 7*j**2 + 93 + j**3. Let d(i) = 6*i**3 + 10*i**2 - 22*i - 6. Let o(w) = 3*d(w) - 16*t(w). Give o(-2).
-22
Let z(c) = 5*c**2 - 7*c. Let y(n) = -18*n**2 + 25*n. Let v(w) = -4*y(w) - 15*z(w). Determine v(3).
-12
Let w(f) = -7*f + 2. Suppose -146*y - 181 = -911. Calculate w(y).
-33
Suppose -815 = -5*n - 5*i, 3*i + 313 + 152 = 3*n. Suppose 2*g + 161 = n. Let x(v) = -v**3 + 3*v**3 - 1 - v**2 + 0 - v. Calculate x(g).
-3
Let q(c) be the second derivative of -c - 1/60*c**5 + 2/3*c**3 + 0 - 1/24*c**4 - 13/2*c**2. Let g(y) be the first derivative of q(y). Calculate g(3).
-8
Suppose 2*a = h + 10, 0*a + 1 = -5*a - 4*h. Suppose o - 4*q + 2 - 28 = 0, 4*o + q - 53 = 0. Let i(d) = -o + 0*d**2 + 5*d - d**a + 16 - 3*d**2. Calculate i(-4).
-2
Let o(f) = -3*f**3 - 9*f**2 - 15. Let r(a) = -2*a**3 - a**2 + a - 3. Let w(m) = -o(m) + 2*r(m). Calculate w(7).
23
Let f(o) = 17*o + 1. Let v(h) = 11*h. Let z(j) = -5*f(j) + 7*v(j). Give z(-4).
27
Suppose 3*z = a + 3, 4*z = -2*a - 3*a + 23. Suppose -a - 3 = -3*g. Let k(v) = -427177*v + 0*v**3 - 2*v**3 + 3*v**2 + 427175*v. Calculate k(g).
-8
Let q(u) = -u**3 - 26*u**2 - 170*u - 24. Let r be q(-13). Let p(c) = -c**3 - 11*c**2 - 5*c + 23. Determine p(r).
78
Suppose -5*z - 65 = -5*p, -5*p = -42*z + 41*z - 25. Let t(x) be the first derivative of x**2 - 3*x - 1. Give t(p).
3
Suppose -12 = 4*h - 2*f + 18, -10*h - 2*f - 40 = 0. Let u(m) = -2 + m - m - 4*m. What is u(h)?
18
Let t be (1 + -11)/((-3)/(-12)). Let k be ((-72)/t)/((-2)/(-10)). Let b(m) = -m - 16*m**3 + 53*m**2 - 51*m**2 - k*m**3. What is b(1)?
-24
Let p(n) = 6*n + 69. Let u be p(-11). Let z(b) = -408 + 11*b + 209 + b**u - 11*b**2 + 200. What is z(10)?
11
Let q(a) = -a**3 + 2*a**2 - 4*a - 6. Let h be q(4). Let f = 54 + h. Let c(w) = 5*w**2 + 6*w**3 - 6*w**2 - 7*w**3. What is c(f)?
0
Let r(v) = -v**3 - 5*v**2 - 7*v - 12. Let z be r(-4). Let u(p) = p + z*p + 27 - 10 - 13. Determine u(-4).
0
Let k(t) = -4*t - 1. Let d(m) = 22*m - 20. Let o(i) = -d(i) - 3*k(i). Calculate o(4).
-17
Let d(n) = 14*n + 115. Let r be d(-8). Let g(s) = 5*s**3 - 7*s**2 - 7*s + 2. Let q(p) = p**3 - p**2 - p. Let m(c) = -g(c) + 4*q(c). What is m(r)?
7
Let q(i) = -75910 - i**2 + 2*i**2 + 2*i + 75911. Suppose 2*b = 6 - 2. Suppose -1 - 1 = b*k. What is q(k)?
0
Let u(k) be the second derivative of k**3/6 - 30*k. Let x(t) = 6*t - 3. Let h(s) = 18*u(s) - 2*x(s). Give h(-7).
-36
Let k(t) = t + 6. Let p be ((-2)/2)/(223/37 + -6). Let g = -25 - p. Let w = g - 12. Determine k(w).
6
Let g(s) = 2*s**2 - 27*s - 2. Let t be g(14). Let k be t*2/12*-3. Let v(c) = 2*c - 1 - c - 2*c - 11. What is v(k)?
-6
Let m = -54 + 64. Suppose -25 = 5*f, 3*y - f - f - m = 0. Let k(j) = -j**2 + j - 12. Calculate k(y).
-12
Let r(n) = -8*n**2 + 35*n - 109. Let b(h) = -10*h**2 + 36*h - 123. Let p(q) = 5*b(q) - 6*r(q). Calculate p(-16).
7
Suppose 0 = 24*r - 106 + 130. Let s(f) = -1. Let c(b) = -10*b**2 + b + 6. Let w(l) = -c(l) - 6*s(l). What is w(r)?
11
Suppose 3*f = -7*f + 370. Let d = -45 + f. Let o(l) be the third derivative of -l**6/120 - 7*l**5/60 + l**4/4 - 11*l**3/6 - 3*l**2. What is o(d)?
5
Let l(n) be the third derivative of n**6/120 + n**5/20 - 23*n**4/24 - 19*n**3/2 - 5*n**2 + 79*n. Determine l(-6).
-27
Suppose 13*z - 3 = 23. Let l(u) = -2*u**z + 11*u + 38 - 13*u**3 - 38 - 12*u. What is l(-1)?
12
Let j(a) = -13094*a + 13092*a + 6 - 36. Suppose -500 = 40*f - 15*f. Determine j(f).
10
Let c(x) = 27*x - 326. Let l(b) = -5*b + 60. Let d(k) = 2*c(k) + 11*l(k). Suppose 0*g - 20 = 4*g. Let j(f) = f**2 + 6*f + 5. Let q be j(g). What is d(q)?
8
Let q(n) = 10*n**3 - n**2 - n. Let p = -56 + 61. Suppose 8 = p*x - x. Let m be x/8 - 5/4. Give q(m).
-10
Let j(d) be the first derivative of -d**4/4 + 8*d**3/3 - 7*d**2/2 - 14*d - 6258. What is j(7)?
-14
Let c(u) be the third derivative of 1/60*u**5 + 0*u - 13/24*u**4 + 0 + 250*u**2 + 4*u**3. Calculate c(10).
-6
Let o(x) be the second derivative of x**5/4 - x**2/2 - 3*x + 33. Let n(w) = -w - 35. Let t be n(-23). Let l = -11 - t. Calculate o(l).
4
Suppose -5*w + 15 = -l, -2*w = -5*w - 4*l - 14. Let u(d) = 0*d**3 + 5*d**2 + 0*d**3 - 6 - 6*d + 3*d**w - 2 - d**3. Calculate u(7).
-1
Let a(k) = -k**2 + 1. Let f(q) = 5*q**2 + 10*q - 21. Let b(z) = -4*a(z) - f(z). Let h be 12/(-9)*(-7 - 256/(-40))*-15. Determine b(h).
-7
Let v(s) = -3*s + 5. Let b be 125/(-25) - (-1 + 2). Let u(p) = -16*p + 28. Let g(m) = b*u(m) + 33*v(m). Determine g(-3).
6
Let n be 1/(-5) - (252/(-35) - -5). Let p(z) = z - 11*z**2 - 16*z**2 + n + 0 + 25*z**2 + z**3. What is p(2)?
4
Let l(m) be the second derivative of -2*m**5/5 + 4*m**4 - m**3/6 + 2*m**2 - 37*m - 20. Calculate l(6).
-2
Let z(u) = -2*u - 15. Let j be z(-8). Let t(x) = -14*x**2 + 4*x - 1. Calculate t(j).
-11
Suppose 0 = 13*f - 2 - 24. Let z(v) = 1 + 6 + 6*v**2 + v**3 + 5*v - 13*v**f + 13*v**2. What is z(-5)?
7
Let p(c) = -6*c + 36. Let m be ((80/3)/5)/(-12 - 342/(-27)). Calculate p(m).
-12
Let f(m) = m**3 - m**2 - 2*m - 24. Suppose -3*g = -368*z + 371*z - 24, 2*z - 4*g + 32 = 0. Calculate f(z).
-24
Let z(w) = w - 32. Let n(q) = -q + 35. Let g = -349 - -343. Let u(v) = g*n(v) - 7*z(v). Give u(12).
2
Let u(b) = -16*b**3 + b**2 + 2*b + 1. Suppose p + 3 = 3*r, 3*r - 5 = 4. Suppose p*x - 81 - 147 = 0. Let d = -39 + x. What is u(d)?
16
Suppose -3*v = 5*m - 24, -v + 4*v - 6 = m. Let t(l) = 4181*l**2 - 9*l**m - 1 - 4181*l**2. Determine t(1).
-10
Let i(n) = -9*n - 37. Let o be i(-4). Let a(z) = 1. Let v(f) = 10*f - 5. Let x(b) = o*v(b) - 5*a(b). What is x(1)?
-10
Let r(s) = s**3 + 6*s**2 + 4*s - 7. Suppose 3*j - 12 = 2*m, 4*j + 6*m = 4*m + 30. Suppose -j*h + 9*h = -15. Determine r(h).
-2
Let v(g) be the first derivative of -g**3/3 + 2*g**2 + 7*g + 1. Let i be (-8 + (6 - 2))*(-301)/(-7). Let h = 177 + i. Calculate v(h).
2
Let m(z) = -3*z**2 + 6*z - 2. Suppose 20*f - 7808 = 1112. Let t = f - 444. Give m(t).
-2
Let g(k) = k**2 - 8*k - 1. Let v(b) = 2 - 